{"id":602,"date":"2023-01-10T17:08:04","date_gmt":"2023-01-10T16:08:04","guid":{"rendered":"https:\/\/martheofficial.com\/?page_id=602"},"modified":"2023-01-10T17:08:04","modified_gmt":"2023-01-10T16:08:04","slug":"liturgie-profane-2","status":"publish","type":"page","link":"https:\/\/martheofficial.com\/?page_id=602","title":{"rendered":"LITURGIE PROFANE"},"content":{"rendered":"\t\t<div data-elementor-type=\"wp-page\" data-elementor-id=\"602\" class=\"elementor elementor-602\">\n\t\t\t\t\t\t<section class=\"elementor-section elementor-top-section elementor-element elementor-element-6f18449a elementor-section-boxed elementor-section-height-default elementor-section-height-default\" data-id=\"6f18449a\" data-element_type=\"section\" data-e-type=\"section\">\n\t\t\t\t\t\t<div class=\"elementor-container elementor-column-gap-default\">\n\t\t\t\t\t<div class=\"elementor-column elementor-col-100 elementor-top-column elementor-element elementor-element-3788977c\" data-id=\"3788977c\" data-element_type=\"column\" data-e-type=\"column\">\n\t\t\t<div class=\"elementor-widget-wrap elementor-element-populated\">\n\t\t\t\t\t\t<div class=\"elementor-element elementor-element-7a7f8dd elementor-widget elementor-widget-heading\" data-id=\"7a7f8dd\" data-element_type=\"widget\" data-e-type=\"widget\" data-widget_type=\"heading.default\">\n\t\t\t\t<div class=\"elementor-widget-container\">\n\t\t\t\t\t<h1 class=\"elementor-heading-title elementor-size-default\">LITURGIE PROFANE<\/h1>\t\t\t\t<\/div>\n\t\t\t\t<\/div>\n\t\t\t\t<section class=\"elementor-section elementor-inner-section elementor-element elementor-element-4bfa8bb elementor-section-boxed elementor-section-height-default elementor-section-height-default\" data-id=\"4bfa8bb\" data-element_type=\"section\" data-e-type=\"section\">\n\t\t\t\t\t\t<div class=\"elementor-container elementor-column-gap-default\">\n\t\t\t\t\t<div class=\"elementor-column elementor-col-50 elementor-inner-column elementor-element elementor-element-98caf64\" data-id=\"98caf64\" data-element_type=\"column\" data-e-type=\"column\">\n\t\t\t<div class=\"elementor-widget-wrap elementor-element-populated\">\n\t\t\t\t\t\t<div class=\"elementor-element elementor-element-9ed5c40 elementor-widget elementor-widget-shortcode\" data-id=\"9ed5c40\" data-element_type=\"widget\" data-e-type=\"widget\" data-widget_type=\"shortcode.default\">\n\t\t\t\t<div class=\"elementor-widget-container\">\n\t\t\t\t\t\t\t<div class=\"elementor-shortcode\"><iframe style=\"border: 0; width: 350px; height: 654px;\" src=\"https:\/\/bandcamp.com\/EmbeddedPlayer\/album=1203185941\/size=large\/bgcol=ffffff\/linkcol=0687f5\/transparent=true\/\" seamless><a href=\"https:\/\/loreilleenfriche.bandcamp.com\/album\/liturgie-profane\">Liturgie Profane by L&#39;Oreille en Friche<\/a><\/iframe><\/div>\n\t\t\t\t\t\t<\/div>\n\t\t\t\t<\/div>\n\t\t\t\t\t<\/div>\n\t\t<\/div>\n\t\t\t\t<div class=\"elementor-column elementor-col-50 elementor-inner-column elementor-element elementor-element-df0f744\" data-id=\"df0f744\" data-element_type=\"column\" data-e-type=\"column\">\n\t\t\t<div class=\"elementor-widget-wrap elementor-element-populated\">\n\t\t\t\t\t\t<div class=\"elementor-element elementor-element-c17e20c elementor-widget elementor-widget-text-editor\" data-id=\"c17e20c\" data-element_type=\"widget\" data-e-type=\"widget\" data-widget_type=\"text-editor.default\">\n\t\t\t\t<div class=\"elementor-widget-container\">\n\t\t\t\t\t\t\t\t\t<p><em style=\"font-variant-ligatures: normal; font-variant-caps: normal; font-family: Roboto, sans-serif; font-size: 16px; font-weight: 400;\">\u00a0<\/em><\/p>\n<p><em style=\"font-variant-ligatures: normal; font-variant-caps: normal; font-family: Roboto, sans-serif; font-size: 16px; font-weight: 400;\">\u00a0<\/em><\/p>\n<p><em style=\"font-variant-ligatures: normal; font-variant-caps: normal; font-family: Roboto, sans-serif; font-size: 16px; font-weight: 400;\">\u00ab\u00a0Nous avons confront\u00e9 notre musique planante \u00e0 l\u2019\u00e9nergie rock, compos\u00e9e de m\u00e9lodies orientales, de rythmiques impaires \u00e0 ces voix qui chantent la vie et les saisons. La cr\u00e9ation qui nous associe au trio Verbnoe Voskresenie et \u00e0 Thomas Brosset s&rsquo;est d\u00e9roul\u00e9e pour le festival des D\u00e9tours de Babel en octobre 2021. Il en r\u00e9sulte un spectacle \u00e0 la fois sonore et visuel, un concert dessin\u00e9 onirique pour une confrontation des cultures : Liturgie profane.<\/em><span style=\"font-family: Roboto, sans-serif; font-size: 16px; font-style: normal; font-variant-ligatures: normal; font-variant-caps: normal; font-weight: 400;\">\u00a0\u00bb<\/span><\/p>\t\t\t\t\t\t\t\t<\/div>\n\t\t\t\t<\/div>\n\t\t\t\t\t<\/div>\n\t\t<\/div>\n\t\t\t\t\t<\/div>\n\t\t<\/section>\n\t\t\t\t<div class=\"elementor-element elementor-element-5d6059fc elementor-widget elementor-widget-text-editor\" data-id=\"5d6059fc\" data-element_type=\"widget\" data-e-type=\"widget\" data-widget_type=\"text-editor.default\">\n\t\t\t\t<div class=\"elementor-widget-container\">\n\t\t\t\t\t\t\t\t\t<p>\u00a0<\/p><h2><em>Distribution :<\/em><\/h2><p><strong>Olga Irisova \u2013<\/strong>\u00a0Voix et percussions <br \/><strong>Nadezhda Prokopenko \u2013<\/strong>\u00a0Voix et percussions <br \/><strong>Mariia Khanykova \u2013<\/strong>\u00a0Voix et percussions <br \/><strong>Florent Briqu\u00e9<\/strong> \u2013 Trompette, Soubassophone<br \/><strong>Alexis Moutzouris<\/strong> \u2013 Saxophone, Clarinette<br \/><strong>Lucas Territo<\/strong> \u2013 Basse <br \/><strong>Damien Bernard<\/strong> \u2013 Batterie<\/p><p>Illustrations : <strong>Thomas Brosset<\/strong>\u00a0<\/p><p><img fetchpriority=\"high\" decoding=\"async\" src=\"https:\/\/martheofficial.com\/wp-content\/uploads\/sites\/8\/2021\/11\/Liturgie-profane-8_web-1024x682.jpg\" sizes=\"(max-width: 1024px) 100vw, 1024px\" srcset=\"https:\/\/martheofficial.com\/wp-content\/uploads\/sites\/8\/2021\/11\/Liturgie-profane-8_web-1024x682.jpg 1024w, https:\/\/martheofficial.com\/wp-content\/uploads\/sites\/8\/2021\/11\/Liturgie-profane-8_web-300x200.jpg 300w, https:\/\/martheofficial.com\/wp-content\/uploads\/sites\/8\/2021\/11\/Liturgie-profane-8_web-768x512.jpg 768w, https:\/\/martheofficial.com\/wp-content\/uploads\/sites\/8\/2021\/11\/Liturgie-profane-8_web-1536x1024.jpg 1536w, https:\/\/martheofficial.com\/wp-content\/uploads\/sites\/8\/2021\/11\/Liturgie-profane-8_web-2048x1365.jpg 2048w, https:\/\/martheofficial.com\/wp-content\/uploads\/sites\/8\/2021\/11\/Liturgie-profane-8_web-18x12.jpg 18w\" alt=\"\" width=\"1024\" height=\"682\" \/><\/p>\t\t\t\t\t\t\t\t<\/div>\n\t\t\t\t<\/div>\n\t\t\t\t\t<\/div>\n\t\t<\/div>\n\t\t\t\t\t<\/div>\n\t\t<\/section>\n\t\t\t\t<\/div>\n\t\t","protected":false},"excerpt":{"rendered":"<p>LITURGIE PROFANE Liturgie Profane by L&#39;Oreille en Friche \u00a0 \u00a0 \u00ab\u00a0Nous avons confront\u00e9 notre musique planante \u00e0 l\u2019\u00e9nergie rock, compos\u00e9e de m\u00e9lodies orientales, de rythmiques impaires \u00e0 ces voix qui chantent la vie et les saisons. La cr\u00e9ation qui nous associe au trio Verbnoe Voskresenie et \u00e0 Thomas Brosset s&rsquo;est d\u00e9roul\u00e9e pour le festival des [&hellip;]<\/p>\n","protected":false},"author":2,"featured_media":0,"parent":0,"menu_order":0,"comment_status":"closed","ping_status":"closed","template":"","meta":{"ocean_post_layout":"","ocean_both_sidebars_style":"","ocean_both_sidebars_content_width":0,"ocean_both_sidebars_sidebars_width":0,"ocean_sidebar":"0","ocean_second_sidebar":"0","ocean_disable_margins":"enable","ocean_add_body_class":"","ocean_shortcode_before_top_bar":"","ocean_shortcode_after_top_bar":"","ocean_shortcode_before_header":"","ocean_shortcode_after_header":"","ocean_has_shortcode":"","ocean_shortcode_after_title":"","ocean_shortcode_before_footer_widgets":"","ocean_shortcode_after_footer_widgets":"","ocean_shortcode_before_footer_bottom":"","ocean_shortcode_after_footer_bottom":"","ocean_display_top_bar":"default","ocean_display_header":"default","ocean_header_style":"","ocean_center_header_left_menu":"0","ocean_custom_header_template":"0","ocean_custom_logo":0,"ocean_custom_retina_logo":0,"ocean_custom_logo_max_width":0,"ocean_custom_logo_tablet_max_width":0,"ocean_custom_logo_mobile_max_width":0,"ocean_custom_logo_max_height":0,"ocean_custom_logo_tablet_max_height":0,"ocean_custom_logo_mobile_max_height":0,"ocean_header_custom_menu":"0","ocean_menu_typo_font_family":"0","ocean_menu_typo_font_subset":"","ocean_menu_typo_font_size":0,"ocean_menu_typo_font_size_tablet":0,"ocean_menu_typo_font_size_mobile":0,"ocean_menu_typo_font_size_unit":"px","ocean_menu_typo_font_weight":"","ocean_menu_typo_font_weight_tablet":"","ocean_menu_typo_font_weight_mobile":"","ocean_menu_typo_transform":"","ocean_menu_typo_transform_tablet":"","ocean_menu_typo_transform_mobile":"","ocean_menu_typo_line_height":0,"ocean_menu_typo_line_height_tablet":0,"ocean_menu_typo_line_height_mobile":0,"ocean_menu_typo_line_height_unit":"","ocean_menu_typo_spacing":0,"ocean_menu_typo_spacing_tablet":0,"ocean_menu_typo_spacing_mobile":0,"ocean_menu_typo_spacing_unit":"","ocean_menu_link_color":"","ocean_menu_link_color_hover":"","ocean_menu_link_color_active":"","ocean_menu_link_background":"","ocean_menu_link_hover_background":"","ocean_menu_link_active_background":"","ocean_menu_social_links_bg":"","ocean_menu_social_hover_links_bg":"","ocean_menu_social_links_color":"","ocean_menu_social_hover_links_color":"","ocean_disable_title":"default","ocean_disable_heading":"default","ocean_post_title":"","ocean_post_subheading":"","ocean_post_title_style":"","ocean_post_title_background_color":"","ocean_post_title_background":0,"ocean_post_title_bg_image_position":"","ocean_post_title_bg_image_attachment":"","ocean_post_title_bg_image_repeat":"","ocean_post_title_bg_image_size":"","ocean_post_title_height":0,"ocean_post_title_bg_overlay":0.5,"ocean_post_title_bg_overlay_color":"","ocean_disable_breadcrumbs":"default","ocean_breadcrumbs_color":"","ocean_breadcrumbs_separator_color":"","ocean_breadcrumbs_links_color":"","ocean_breadcrumbs_links_hover_color":"","ocean_display_footer_widgets":"default","ocean_display_footer_bottom":"default","ocean_custom_footer_template":"0","_themeisle_gutenberg_block_has_review":false,"footnotes":""},"class_list":["post-602","page","type-page","status-publish","hentry","entry"],"_links":{"self":[{"href":"https:\/\/martheofficial.com\/index.php?rest_route=\/wp\/v2\/pages\/602","targetHints":{"allow":["GET"]}}],"collection":[{"href":"https:\/\/martheofficial.com\/index.php?rest_route=\/wp\/v2\/pages"}],"about":[{"href":"https:\/\/martheofficial.com\/index.php?rest_route=\/wp\/v2\/types\/page"}],"author":[{"embeddable":true,"href":"https:\/\/martheofficial.com\/index.php?rest_route=\/wp\/v2\/users\/2"}],"replies":[{"embeddable":true,"href":"https:\/\/martheofficial.com\/index.php?rest_route=%2Fwp%2Fv2%2Fcomments&post=602"}],"version-history":[{"count":0,"href":"https:\/\/martheofficial.com\/index.php?rest_route=\/wp\/v2\/pages\/602\/revisions"}],"wp:attachment":[{"href":"https:\/\/martheofficial.com\/index.php?rest_route=%2Fwp%2Fv2%2Fmedia&parent=602"}],"curies":[{"name":"wp","href":"https:\/\/api.w.org\/{rel}","templated":true}]}}